In base 9, what is -17236 - 2?
-17238
In base 11, what is -5 + aa1?
a97
In base 10, what is -3 - 2213?
-2216
In base 4, what is -230312 - 10?
-230322
In base 4, what is -21 - -12?
-3
In base 8, what is -34 + -111?
-145
In base 7, what is -230 + -3?
-233
In base 5, what is -43 + -10?
-103
In base 14, what is -a8 + -6?
-b0
In base 15, what is -e + -15?
-24
In base 16, what is -4 + -9c1?
-9c5
In base 14, what is -1 - 60?
-61
In base 7, what is -1 + -432?
-433
In base 7, what is -12 + 126?
114
In base 15, what is -15 + -40?
-55
In base 13, what is -3 + 207?
204
In base 9, what is -5238 - -3?
-5235
In base 2, what is -101 - 11110100?
-11111001
In base 14, what is -6 - -4d3?
4cb
In base 11, what is -510 - -1?
-50a
In base 10, what is 5 + -489?
-484
In base 15, what is 4 - -95?
99
In base 9, what is 0 - -6381?
6381
In base 12, what is 14a - -2?
150
In base 11, what is 4 - -65a?
663
In base 3, what is -1102 - -111?
-221
In base 11, what is -47 + -5?
-51
In base 9, what is 5 - -301?
306
In base 10, what is 447 + 2?
449
In base 3, what is -2 - -12021102?
12021100
In base 6, what is 4 + 1212?
1220
In base 2, what is 1 - 100101?
-100100
In base 10, what is 267 + -4?
263
In base 15, what is 3 - 148?
-145
In base 7, what is -33354 - 0?
-33354
In base 3, what is -2022 - 1?
-2100
In base 3, what is -10121 - -100102?
12211
In base 9, what is 2 - 4848?
-4846
In base 16, what is b3 - -29?
dc
In base 10, what is -4 + 99?
95
In base 3, what is 121 - -21121?
22012
In base 4, what is -10 + -111?
-121
In base 14, what is 2 - -51?
53
In base 15, what is 2 + 45?
47
In base 14, what is -d48 - 4?
-d4c
In base 7, what is 66 + -1352?
-1253
In base 8, what is 3 + -46?
-43
In base 10, what is 2 + 137?
139
In base 16, what is 49 + 4?
4d
In base 16, what is 4 - -27?
2b
In base 10, what is 2 + 2202?
2204
In base 3, what is 100210012 + -10?
100210002
In base 6, what is -204 - -532?
324
In base 4, what is 3 - -10331?
11000
In base 11, what is 7 - -107?
113
In base 12, what is -1 - -4?
3
In base 16, what is 3 + -4ff?
-4fc
In base 16, what is 10 + -b4?
-a4
In base 5, what is 33 + 1401?
1434
In base 11, what is -6706 - 3?
-6709
In base 11, what is -6 - -84?
79
In base 2, what is 11 + -100000?
-11101
In base 5, what is 2 + -201?
-144
In base 15, what is -10d - -6?
-107
In base 16, what is -81 - -2?
-7f
In base 15, what is 28 - 12?
16
In base 8, what is 13 + 121?
134
In base 3, what is 220011 - 1122?
211112
In base 10, what is -110 + -110?
-220
In base 16, what is b5 + 2?
b7
In base 7, what is -40 - 26?
-66
In base 11, what is 2 - 975?
-973
In base 10, what is 128 - 32?
96
In base 3, what is -111 + -102120?
-110001
In base 8, what is 5 - -1502?
1507
In base 6, what is -21 + 124?
103
In base 16, what is 239 + -5?
234
In base 3, what is 121210 - -1112?
200022
In base 8, what is 2655 + 2?
2657
In base 12, what is -1b - 1b?
-3a
In base 9, what is -288 + 3?
-285
In base 5, what is -10 - -42021?
42011
In base 3, what is -211 + -100211?
-101122
In base 9, what is 31002 - 0?
31002
In base 4, what is 3113 + 11?
3130
In base 8, what is -4 - -202?
176
In base 5, what is 12130 - -10?
12140
In base 6, what is -2134 - 1?
-2135
In base 13, what is -7b - 52?
-100
In base 3, what is 2 + -1211?
-1202
In base 3, what is -10211 + -1221?
-12202
In base 9, what is -4 - -223?
218
In base 14, what is 125 + 3?
128
In base 7, what is -21 + 101?
50
In base 14, what is -1cc + 1?
-1cb
In base 8, what is -173 + -1?
-174
In base 12, what is -5 - 123b?
-1244
In base 14, what is 5 + c8?
cd
In base 2, what is 101 - -110011110?
110100011
In base 15, what is -165 - a?
-170
In base 5, what is 20 + 113?
133
In base 10, what is -9 + 16?
7
In base 11, what is -1 + 154?
153
In base 12, what is -189 + -5?
-192
In base 9, what is -18 - 34?
-53
In base 4, what is -10 - 312022?
-312032
In base 2, what is -1010100 + 1?
-1010011
In base 16, what is -102 + -5?
-107
In base 9, what is -3 - 388?
-402
In base 12, what is -5 - -158?
153
In base 3, what is 210212 - -11?
211000
In base 16, what is -1b - -d?
-e
In base 6, what is 235 + 11?
250
In base 4, what is -10 - 2222?
-2232
In base 5, what is 13 + 1110?
1123
In base 15, what is 106 - -d?
114
In base 15, what is -5 - 860?
-865
In base 7, what is 203 + 0?
203
In base 8, what is 1360 + 3?
1363
In base 5, what is 10 - 12214?
-12204
In base 6, what is 33 - 4?
25
In base 10, what is 169 - 69?
100
In base 3, what is -110 - -22?
-11
In base 2, what is -10111000110 - 1001?
-10111001111
In base 10, what is 10 - 123?
-113
In base 5, what is 43204 + -3?
43201
In base 10, what is -24 - -209?
185
In base 5, what is -3 + -1041?
-1044
In base 9, what is 267 - 5?
262
In base 6, what is -500 + -2?
-502
In base 4, what is -1312 - 100?
-2012
In base 8, what is 62 - -10?
72
In base 16, what is -757 + 0?
-757
In base 4, what is 12111 + -10?
12101
In base 16, what is 3 - -1280?
1283
In base 15, what is b2 - -4?
b6
In base 7, what is -25 + 212?
154
In base 8, what is 4 + -147?
-143
In base 3, what is -112210 + -212?
-120122
In base 4, what is -10 - 1201?
-1211
In base 12, what is 5 + 37?
40
In base 10, what is 5 + 11?
16
In base 5, what is 22 - 0?
22
In base 8, what is -3 + -130?
-133
In base 11, what is 14 + 743?
757
In base 13, what is 30 + 0?
30
In base 6, what is -4323 + 0?
-4323
In base 2, what is -111 + 101011?
100100
In base 8, what is -3025 - 5?
-3032
In base 6, what is -24 + 10?
-14
In base 13, what is -16 + 8?
-b
In base 10, what is 90 - -32?
122
In base 15, what is 3 - 4?
-1
In base 2, what is -11001 + -100001010?
-100100011
In base 3, what is -120 - 1?
-121
In base 11, what is 13 + -14?
-1
In base 8, what is 0 - -133?
133
In base 11, what is 0 + a19?
a19
In base 13, what is 0 + -918?
-918
In base 16, what is -30 - -26?
-a
In base 9, what is 6 + 637?
644
In base 11, what is 4 + 2838?
2841
In base 6, what is -1 + -354?
-355
In base 7, what is -45 + 12?
-33
In base 8, what is -127 - -5?
-122
In base 7, what is 1001 - 15?
653
In base 14, what is -1 - -23b2?
23b1
In base 8, what is 57 + 2?
61
In base 14, what is 56 - 15?
41
In base 7, what is -30 + 51?
21
In base 15, what is 80 - -3?
83
In base 13, what is -10c1 + 1?
-10c0
In base 16, what is 106 - 2?
104
In base 8, what is -4 - -105?
101
In base 9, what is 530 - 10?
520
In base 3, what is 112110 - 0?
112110
In base 8, what is -17 - 2515?
-2534
In base 3, what is -1201 + 1022?
-102
In base 8, what is -77 + 0?
-77
In base 8, what is 34 - 6?
26
In base 10, what is 25 - -679?
704
In base 6, what is 1 + -442?
-441
In base 3, what is -10122 + -21?
-10220
In base 4, what is 312 + 3?
321
In base 10, what is 27 - -91?
118
In base 3, what is -1001110 + 10?
-1001100
In base 14, what is 4 + -38?
-34
In base 16, what is -1f57 - -2?
-1f55
In base 11, what is 15 - 1?
14
In base 11, what is -1 + 394?
393
In base 2, what is -110010 - -10101?
-11101
In base 2, what is 11001001 - 100?
11000101
In base 15, what is 1 - -2?
3
In base 14, what is 0 - 2a9?
-2a9
In base 10, what is 2 + -38?
-36
In base 12, what is -2 + -31?
-33
In base 12, what is -2160 + -8?
-2168
In base 5, what is -3 - 132?
-140
In base 15, what is -29c - 2?
-29e
In base 11, what is -a - -195?
186
In base 16, what is 498 + 3?
49b
In base 6, what is 13 - 5542?
-5525
In base 8, what is -63 - 35?
-120
In base 11, what is 124 + 5?
129
In base 16, what is -2 - 49e?
-4a0
In base 16, what is -8 - -394?
38c
In base 2, what is 10100 + 100011?
110111
In base 12, what is -2 + -91?
-93
In base 10, what is 69 + -17?
52
In base 14, what is 7 + -12c?
-125
In base 8, what is 42 - 1?
41
In base 16, what is -13 + -2d?
-40
In base 3, what is 2002101 + -10?
2002021
In base 13, what is -4 - 284?
-288
In base 15, what is -9e0 + 1?
-9de
In base 8, what is 2 + -74?
-72
In base 12, what is 7 - -205?
210
In base 2, what is 1010100101 + -101?
1010100000
In base 3, what is 1220000 - -11?
1220011
In base 9, what is 5 + 270?
275
In base 9, what is -324 + 5?
-318
In base 4, what is 121310 + 13?
121323
In base 7, what is 61 + 25?
116
In base 5, what is 13 - -434?
1002
In base 12, what is -62 - -60?
-2
In base 2, what is -1011100 - 100?
-1100000
In base 15, what is -3 - -85?
82
In base 16, what is -33 + 12?
-21
In base 5, what is -31 - -20?
-11
In base 14, what is 2 + 2?
4
In base 6, what is -3041 + -10?
-3051
In base 4, what is 3